5.
153
Let y = -215 - -256. Suppose 0 = -4*k, -5*k + 0 = a - 2. Calculate the remainder when y is divided by (-26)/3*(-1 - a) + -4.
19
Let p(l) = -3*l**3 + 40*l**2 - 140*l + 1687. Let u = 7 - -8. What is the remainder when p(13) is divided by u?
6
Let h(a) = 2*a**2 - 27. Let n be h(0). Calculate the remainder when 39 is divided by 189/(-42)*60/n.
9
Let n = -112 - -116. Suppose -n*f + 1681 - 1245 = 0. Calculate the remainder when f is divided by 19.
14
Suppose -2*v - 1731 = -5*o, 6*o - 3*v = 71 + 2011. Calculate the remainder when 349 is divided by o.
6
Let s(d) = 6*d**2 - 2*d + 1. Let k be s(1). Suppose -6 = -7*f + k*f. Suppose 0*h = f*h - 333. Calculate the remainder when h is divided by 38.
35
Let k = -304 + 308. Suppose 243 = 5*t + k*z, -t - t + 88 = -3*z. Calculate the remainder when 186 is divided by t.
45
Let i be ((-255)/9)/((-12)/72). Let g = i - -430. What is the remainder when g is divided by 14?
12
Let v(j) = -2 - 5 + 3 + 2*j. Let g be v(6). Calculate the remainder when 63 is divided by 655/20 - (-2)/g.
30
Suppose n - 2*n = 4*p - 14, 0 = -n - 2. Let y be (-246)/(-21) + p/14. Suppose -3*x = y - 96. Calculate the remainder when x is divided by 6.
4
Suppose 5*z + 95 = k, 359 = 6*k - k + 4*z. Calculate the remainder when 190 is divided by k.
40
Suppose -5*k + 0*k = 3*g - 73, 4*k + 2*g = 58. Suppose -v + k*v = 533. What is the remainder when 408 is divided by v?
39
Let s = 1002 + -997. Suppose 0 = 2*u - s*t - 533, 6*u - u + t - 1346 = 0. What is the remainder when u is divided by 17?
14
Suppose -15*a + 12 = -13*a. What is the remainder when 71 is divided by (55/(-15))/(a/(-18))?
5
Suppose y = 4, -5*s + 12 = -y - 49. Suppose 39*j = s*j + 676. Calculate the remainder when 258 is divided by j.
24
Suppose 0 = 8*q + 16 + 16. Let l be q*1/(2 + -4). Suppose 0 = l*o - 64 + 8. Calculate the remainder when 139 is divided by o.
27
Suppose -14911 = 131*z - 144*z. What is the remainder when z is divided by 64?
59
Let v(d) = -4*d**2 - 46*d - 15. Let x be v(-11). Suppose 0 = r + 2*s - x - 5, 5*s = 3*r - 25. Calculate the remainder when 5*(-2)/((-30)/99) is divided by r.
3
What is the remainder when ((-1)/((-1)/(-1)))/((-1258102)/29954 + 42) is divided by 47?
35
Let d = -133 - -187. What is the remainder when 37 is divided by d/4 - (-15 - 54/(-4))?
7
Let p be 6/((-12)/5)*2/(-1). Suppose 3*d = p*g + 102, 82 = 3*d - 4*g - 23. Let s(w) = 4*w - 1. Calculate the remainder when d is divided by s(2).
4
Let u be ((-20)/(-24))/((-2)/(-12)). Suppose -u*g + 96 = -109. Calculate the remainder when g is divided by 6.
5
Let u(t) = 49*t - 1. Let l be 0 + 1 + 1 + 3. Let s = -2527 + 2568. Calculate the remainder when u(l) is divided by s.
39
Let h(l) = 2*l**3 - 3*l**2 - 2*l + 3. Let z be h(3). Let g = z + -13. Let r = -7340 + 7403. Calculate the remainder when r is divided by g.
8
Suppose 0 = 20*v - 4684 - 3496. Let n = 433 - v. Calculate the remainder when 455 is divided by n.
23
Let i = -1251 + 1309. Suppose 0*s - s = -5*d + 108, 3*s = -3*d + 54. Calculate the remainder when i is divided by d.
16
Let m = 31955 - 31349. What is the remainder when m is divided by 16?
14
Suppose -3*i - s - 221 = 0, 5*i = -7*s + 2*s - 365. Let p = i + 99. What is the remainder when p is divided by (-4)/(-6) - (-100)/12?
7
Let t(f) = -171*f + 1 + 344*f - 174*f. Let j be ((-48)/(-8))/(2/(-6)). What is the remainder when 37 is divided by t(j)?
18
Suppose 1 - 171 = -5*a + 2*u, -102 = -3*a + 3*u. Suppose m - 242 - a = 0. Calculate the remainder when m is divided by 31.
28
Let q(a) = -25*a + 102. Let z be q(4). Suppose -5*h = -m + z*m - 34, m + h - 46 = 0. What is the remainder when m is divided by 9?
4
What is the remainder when (-66006)/(-798) - (-4)/14 is divided by 4?
3
Suppose -16*q + 57315 = 9971. What is the remainder when q is divided by 141?
139
Let f(b) = 2*b**3 + 67*b**2 - 58*b - 16. Suppose 0*n - n - 26 = 4*s, 0 = -3*n - 5*s - 92. What is the remainder when f(n) is divided by 89?
88
Suppose 104 = 8*g - 1592. Suppose -6 = 2*x - 5*x, 0 = -5*a - 5*x + 225. Calculate the remainder when g is divided by a.
40
Let b(u) = -41*u - 129. Let k be b(6). Calculate the remainder when 2 - 25/10 - k/6 is divided by 16.
14
Let k = 1662 - 1638. Calculate the remainder when 1270 is divided by k.
22
Suppose -5*u + 46 = -3*u. Let y(l) = -l**3 - 3*l**2 - 37*l + 6. Let a be y(-6). Suppose a = 2*o + 116. What is the remainder when o is divided by u?
18
Let u be ((-3)/4)/((-1 - -3)/(-8)). Suppose -5 = -y, y = -k - u*y + 241. Suppose -3*w + k = 80. What is the remainder when 140 is divided by w?
46
Suppose o - 11 = -7. Suppose -6*s + 20 = -2*s, 4*s + 168 = o*z. Calculate the remainder when 232 is divided by z.
44
Suppose -6*d + 41 = -52 - 81. What is the remainder when 4954 is divided by d?
24
Let t = -13635 + 13645. Calculate the remainder when 20 is divided by t.
0
Suppose 0 = 267*z - 217*z - 322 - 178. What is the remainder when 529 is divided by z?
9
Let y(d) = d**3 + d**2 - 94*d + 374. What is the remainder when 459 is divided by y(4)?
69
Suppose -5*o + 3*y + 940 = 0, 2*o = 4*y - 2*y + 380. Let j = o + -37. Calculate the remainder when j is divided by (5 + 58/(-12))*-2 + (-3220)/(-210).
13
Let f be 5 + 0 + -59 + 61. Suppose f*c = 307 - 13. What is the remainder when c is divided by 15?
12
Suppose -5*t - 23*t + 1100 = -6*t. What is the remainder when 374 is divided by t?
24
Let a(l) = -1. Let v(x) = x**2 + 9*x + 12. Let p(d) = -3*a(d) - v(d). Let n be p(-12). What is the remainder when 18/n*-10*17 is divided by 14?
12
Suppose 3 = -2*f + 17. Suppose 0 = 3*z - 12, -5*n - 123 = 5*z + 422. Let r = -100 - n. What is the remainder when r is divided by f?
6
Let j(h) = 24*h**3 + 7*h**3 + h - 64*h**2 + 62*h**2. Suppose -3*u - 8 = -5*g, u - 3 + 4 = 0. Calculate the remainder when j(g) is divided by 8.
6
Let c be 1/((-105)/(-51) - 3 - -1). Suppose 27*d = c*d + 340. What is the remainder when 158 is divided by d?
22
Let b(d) = -d - 2. Let i be b(-2). Suppose i = 3*c - 19 - 11. Calculate the remainder when c is divided by 16/(-12 + 14 - -2).
2
Suppose -11*s = -99*s + 1848. Calculate the remainder when 1283 is divided by s.
2
Calculate the remainder when (-29315)/(-286)*(1 + (-69)/(-15)) is divided by 72.
70
Let s be 29/(-5) - (-2)/5*2. What is the remainder when 196 is divided by 0 + 69*s/(-15)?
12
Let y(p) = -3*p**2 - 8*p - 24. Let z be y(-4). What is the remainder when (-5)/(8/z*1) is divided by 9?
7
Let w(a) = a - 11. Let n be w(-9). Let d = n + 31. Suppose 0 = -36*r + 41*r - 20. What is the remainder when d is divided by r?
3
Suppose 0 = 4*n - 5*l - 409, 0 = -2*n - 0*n - l + 187. Let h = 114 - n. What is the remainder when -5 - -38*6/4 is divided by h?
16
Suppose -14*m + 358 + 552 = 0. What is the remainder when 117 is divided by m + (6*(-5)/10 - -1)?
54
Suppose 3*m = 6*x - 7*x - 5, 0 = 2*x - 4*m - 20. What is the remainder when 849 is divided by x?
1
Let j be (-3)/(-4) - 8/(288/(-81)). Suppose 2*m - 62 = -i + 49, j*i = -m + 333. What is the remainder when i is divided by 8?
7
Suppose 0 = -2*s - 4*m + 44, m = -2*s + 2*m + 24. Suppose -s*f + 13*f + 18 = 0. Calculate the remainder when 23 is divided by (136/14 - 2) + f/63.
7
Let m = 36 + -54. Let d be 579*((-2)/(-9))/((-3)/m). Suppose 12*w = d - 280. Calculate the remainder when w is divided by 11.
8
Suppose -3*c + s = c - 33, 0 = 5*c + 4*s - 57. What is the remainder when (-4)/(-12) + (-3)/c - -70 is divided by 25?
20
Suppose -4*m - 19 = -47. Suppose -2*n + w = -3*n + 15, -2*n + 3*w + 25 = 0. Calculate the remainder when n is divided by m.
0
Let a(x) = 2*x**2 - 11*x - 3. Let o be a(6). Let h(l) = 15*l**3 + 4*l**2 + l - 4. Let i be h(o). What is the remainder when 160 is divided by 3/(-2)*i/(-12)?
50
Let i(t) = -t**3 - 3*t**2 + 3*t - 4. Let f(d) be the first derivative of -4*d**2 - 39*d + 18. Calculate the remainder when f(-12) is divided by i(-5).
26
Let q(n) = -n**2 - 3*n + 11. Let g be q(0). Suppose 72 + 60 = g*o. What is the remainder when 178 is divided by o?
10
Suppose 2*a + 15 - 41 = 0. Let b be a + -1 + 4 + -1. Suppose -84 = b*k - 19*k. What is the remainder when k is divided by 8?
5
What is the remainder when 1817 is divided by ((-1870)/660)/(-1*1/24)?
49
Let z(u) = 9*u**2 - 27*u - 479. What is the remainder when 519 is divided by z(9)?
1
Let h be (56